d 6393?
3
Calculate the highest common divisor of 4185671 and 505421.
4907
What is the greatest common factor of 127883735 and 35?
35
Calculate the highest common divisor of 62307 and 224546.
301
Calculate the greatest common divisor of 2904 and 3904428.
1452
Calculate the greatest common factor of 1162 and 151005386.
1162
What is the highest common factor of 8830269 and 2128?
133
What is the highest common factor of 19666847 and 291?
97
What is the greatest common divisor of 50 and 1113947280?
10
Calculate the highest common divisor of 960 and 12306400.
160
Calculate the highest common factor of 64 and 4405712.
16
Calculate the greatest common divisor of 52886 and 36456.
62
Calculate the highest common divisor of 355222778 and 3932.
1966
Calculate the greatest common factor of 28812 and 800912.
28
Calculate the highest common divisor of 171 and 921060207.
171
What is the greatest common factor of 1092 and 138701836?
364
Calculate the highest common factor of 13018 and 125086.
566
Calculate the greatest common divisor of 8262103 and 358.
179
Calculate the greatest common divisor of 4808 and 7974669.
601
What is the greatest common factor of 4037235 and 3915?
435
What is the highest common divisor of 90915 and 1740?
435
Calculate the highest common divisor of 600 and 19278200.
200
What is the highest common divisor of 135 and 2020329?
27
Calculate the greatest common divisor of 41028 and 468.
156
Calculate the highest common factor of 48890763 and 649.
59
What is the highest common divisor of 17634278 and 11148?
1858
What is the highest common factor of 676 and 33823998?
338
What is the greatest common factor of 2975194 and 124?
62
What is the greatest common factor of 185024 and 675668?
1652
Calculate the greatest common factor of 602619516 and 1528.
764
Calculate the greatest common factor of 15 and 285342810.
15
What is the highest common divisor of 1794 and 13670970?
138
What is the greatest common factor of 80 and 103936?
16
Calculate the highest common divisor of 202540 and 221825.
95
What is the highest common divisor of 3356 and 1193031152?
3356
What is the greatest common factor of 73776 and 296217?
159
Calculate the greatest common factor of 48575 and 835825.
1675
Calculate the greatest common divisor of 6143445 and 3696.
231
What is the highest common factor of 119 and 1241233?
7
What is the highest common divisor of 68573086 and 766?
766
Calculate the highest common divisor of 130951 and 31.
1
Calculate the highest common factor of 1 and 2401209.
1
Calculate the highest common divisor of 2939888 and 24.
8
Calculate the greatest common divisor of 1225 and 308650.
25
What is the greatest common factor of 208474 and 7518?
14
Calculate the highest common divisor of 3052650 and 1200.
150
What is the highest common divisor of 2835 and 10092915?
315
What is the greatest common factor of 623 and 616714?
7
Calculate the greatest common divisor of 2065952 and 616.
56
What is the highest common divisor of 31 and 177164318?
31
Calculate the greatest common divisor of 2085310 and 6946.
302
What is the greatest common factor of 616 and 1632568?
56
What is the highest common factor of 7451136 and 16?
16
What is the greatest common divisor of 817762 and 13112?
22
What is the highest common divisor of 7030 and 269800?
190
Calculate the greatest common factor of 609 and 3960432.
21
What is the greatest common factor of 104320 and 754364?
652
What is the greatest common divisor of 8738814 and 126?
42
What is the greatest common factor of 1647 and 12190606?
61
Calculate the highest common factor of 15252 and 296403555.
3813
Calculate the highest common factor of 219704 and 19894.
58
Calculate the greatest common divisor of 2248 and 6349476.
1124
Calculate the greatest common factor of 178 and 819706376.
178
What is the greatest common factor of 1551662 and 1003114?
1918
Calculate the highest common divisor of 15453 and 1196766.
153
What is the greatest common divisor of 2037499177 and 8306?
4153
What is the greatest common divisor of 400 and 17593700?
100
What is the highest common factor of 2299 and 35967?
19
Calculate the greatest common divisor of 73491552 and 2016.
288
Calculate the highest common factor of 1044584 and 87764.
148
Calculate the greatest common factor of 40 and 129367880.
40
What is the highest common factor of 45032 and 53716?
52
What is the greatest common factor of 3917537 and 13?
13
Calculate the greatest common factor of 47 and 574026651.
47
Calculate the greatest common divisor of 37793280 and 9408.
1344
What is the highest common divisor of 371730 and 375?
15
Calculate the highest common factor of 46520296 and 136.
136
What is the highest common factor of 1658 and 485741773?
829
What is the greatest common divisor of 119132816 and 176?
176
What is the greatest common factor of 78 and 163289594?
26
What is the greatest common divisor of 1073 and 92684?
29
What is the greatest common factor of 627 and 844239?
33
Calculate the highest common factor of 400 and 9858200.
200
Calculate the highest common divisor of 280 and 92286390.
70
Calculate the highest common divisor of 28532953 and 221.
17
What is the greatest common divisor of 412753 and 2167?
11
What is the highest common divisor of 4005004 and 11488?
1436
What is the greatest common divisor of 4026 and 35964654?
66
What is the greatest common divisor of 26347365 and 6545?
935
What is the highest common factor of 5112 and 171?
9
Calculate the highest common factor of 6613 and 3960020.
389
What is the greatest common factor of 5183676 and 86508?
972
Calculate the greatest common divisor of 90 and 63707130.
90
What is the highest common divisor of 62968 and 175746?
34
What is the highest common factor of 31624759 and 38?
19
Calculate the greatest common factor of 13846952 and 840.
56
Calculate the highest common divisor of 8973251 and 413.
413
What is the greatest common factor of 24816 and 355884?
564
Calculate the highest common factor of 33166171 and 4551.
1517
What is the greatest common factor of 14308 and 395135860?
2044
What is the highest common factor of 1269 and 5872039?
47
What is the greatest common divisor of 10441 and 1245434?
197
What is the highest common factor of 2786 and 8708?
14
What is the highest common divisor of 6225 and 2192943?
249
Calculate the greatest common factor of 98912 and 10912.
352
What is the highest common factor of 227409 and 108511?
221
What is the highest common divisor of 11369 and 3547218952?
11369
Calculate the highest common divisor of 2914920 and 13824.
216
What is the highest common factor of 93054 and 429?
39
What is the highest common divisor of 77246110 and 20?
10
What is the greatest common divisor of 33036206 and 329?
329
Calculate the greatest common divisor of 1743455 and 91.
7
Calculate the highest common divisor of 584269 and 8487.
23
What is the highest common factor of 315 and 2986935?
105
What is the highest common factor of 588772 and 4992497?
2413
What is the greatest common divisor of 16740483 and 4065?
813
What is the highest common factor of 85464060 and 55?
55
What is the highest common factor of 4464 and 1257980?
124
Calculate the highest common factor of 21602 and 46953490.
3086
What is the highest common factor of 222 and 577356954?
222
What is the highest common divisor of 1285600 and 24?
8
Calculate the greatest common factor of 980 and 6109075.
245
What is the highest common factor of 15913298 and 38?
38
What is the highest common factor of 2113 and 549935719?
2113
Calculate the highest common factor of 38766772 and 11.
11
Calculate the greatest common divisor of 547 and 5178449.
547
Calculate the greatest common factor of 346767914 and 123.
41
Calculate the highest common factor of 7622437 and 341037.
743
What is the greatest common factor of 635664 and 3507304?
5576
Calculate the greatest common factor of 1215058 and 924664.
442
What is the highest common divisor of 615582 and 78606?
198
Calculate the greatest common factor of 117 and 65769431.
13
What is the highest common factor of 1531018 and 332?
166
Calculate the greatest common divisor of 198114 and 2468263.
371
Calculate the greatest common divisor of 22182 and 624.
6
Calculate the greatest common divisor of 280432 and 47566.
34
What is the hig